k.
29
Let p = 21 - -29. List the prime factors of p/((0 - 2)*-1).
5
Suppose 12 + 20 = -2*x. Let y = 62 + -36. Let d = y + x. What are the prime factors of d?
2, 5
Let b = -42 + 79. Let z = b + -21. What are the prime factors of z?
2
Suppose -44 = -3*h + 142. List the prime factors of h.
2, 31
Let p(x) = -x**3 - 10*x**2 - 2*x + 3. Let y be p(-10). Suppose u - 5*c - 60 = 0, -c - y - 25 = -u. What are the prime factors of u?
3, 5
Let t be (3 - 2)/((-1)/2). Let i(m) be the third derivative of -m**4/4 - m**3/2 + 2*m**2. List the prime factors of i(t).
3
Let g(c) = c - 1. Suppose -5*v + 17 = -0*q + 2*q, q = -3*v + 9. Let d be g(q). Suppose 4*h - 73 = -d*b, 2*b - 3*h - 4 - 39 = 0. What are the prime factors of b?
17
Let f(d) be the third derivative of 1/24*d**4 + 5/6*d**3 + 0*d + d**2 + 0. What are the prime factors of f(6)?
11
Let c(m) = m**2 - 2. Let a(y) = -y**3 - 4*y**2 + 5*y - 4. Let n be a(-5). List the prime factors of c(n).
2, 7
Let y(p) = -p**2 + 6*p - 5. Let s be y(4). Let k be (21 - s) + -1*1. Suppose -3 = -4*q + k. List the prime factors of q.
5
Let o = -12 - -20. Let q(y) = y**2 - 3*y - 1. Let s be q(4). What are the prime factors of o + 2/s*-3?
2, 3
Let h(r) = 9*r + 4. Let o be h(-3). Let n be o/(-7) - 4/14. Suppose n*m = 0, 4*l - 10 = -l - 5*m. What are the prime factors of l?
2
Suppose -15 = -0*b - 5*b. List the prime factors of 25 + 6/(-9)*b.
23
Let z(f) = -f**3 - 7*f**2 - 5*f + 8. Let g be z(-6). Let d be (-2 + 4)/(1 - g). List the prime factors of d + 3/(9/12).
2
Suppose -13 = 4*l - 5. Let n be (-3 - l)*(2 + 0). Let b(f) = f**2 - 1. What are the prime factors of b(n)?
3
Suppose 13*o = 9*o + 120. List the prime factors of o.
2, 3, 5
Let u = -2 + 23. What are the prime factors of u?
3, 7
Suppose 0 = 3*i - 4*i + 15. List the prime factors of (51/i)/(4/20).
17
Let x = 32 - 13. Suppose x = 4*f - 21. What are the prime factors of f?
2, 5
What are the prime factors of (-3 - -41 - 0) + 3?
41
Let l be 7/7 + -7*3. What are the prime factors of 4/1*(-15)/l?
3
Let n(a) = 19*a**3 - a**2 + 1. Let l be n(1). Suppose 4*p = j + 57, -3*j - j = 3*p - l. List the prime factors of p.
13
Suppose 12*w = 17*w - 225. What are the prime factors of w?
3, 5
Suppose -5*g - 70 = -5*k, 3*k - 9 = g + 25. What are the prime factors of k?
2, 5
Suppose -54 = -0*q - 2*q. What are the prime factors of q?
3
Let c(t) = 2*t + 3*t**2 - 2 + 3 + 3*t**2 - 7*t - t**3. Let w be 2/5*(-10)/(-1). List the prime factors of c(w).
13
Let v(l) = l**2 - 4*l. Let h be v(5). Suppose -7 - 34 = -z. Suppose h = -4*p + z. What are the prime factors of p?
3
Let v(o) = -o**3 + 9*o**2 + 9*o + 23. What are the prime factors of v(9)?
2, 13
Suppose 16*w + 12 = 12*w. Suppose 2*u + 35 - 3 = 5*b, 0 = 3*b - 3*u - 12. Let m = w + b. List the prime factors of m.
5
Let r(l) = 3*l - 3 + 0*l - 5*l + 0*l. Let j be r(-4). Suppose -4*o + 16 = -2*f, j*o = -4*f - 3 - 3. List the prime factors of o.
2
Let w(j) = -j**3 + 4*j**2 - 2*j + 1. Let f be w(3). Suppose t + f*l = 6, 0*l - 6 = -5*t + 4*l. What are the prime factors of (-8 - -1)/((-2)/t)?
7
Let o be 1/4 + 13/(-4). List the prime factors of (2 - (-4)/o)*3.
2
Let v(n) = -14*n - 1. Let y be v(-1). Suppose -2*m - 7 = -h, -5*m = -2 - y. List the prime factors of h.
13
Suppose -14 = -2*h + 3*p + 20, -4*h + 82 = p. Let a = h + -15. What are the prime factors of a?
5
Suppose -m + 6 = -4*m, -5*s - 4*m = -22. Suppose 11*t = s*t + 130. What are the prime factors of t?
2, 13
Let v(d) = -2*d**3 - d**2 - 6*d + 1. What are the prime factors of v(-4)?
137
Let q be (-5)/((-3)/(3 + 0)). Suppose q*z - 60 = -0*z. List the prime factors of z.
2, 3
Let p(b) = 6*b + 3. What are the prime factors of p(4)?
3
Let p(v) = -28*v - 1. What are the prime factors of p(-1)?
3
Let q be (-86)/(-16) - (-27)/(-72). Let z = -23 - -42. Suppose 0 = q*f - z - 6. What are the prime factors of f?
5
Suppose -5*d - 4*b + 465 = 0, 2*d + 3*b - 219 = -26. List the prime factors of d.
89
Let v(a) = a**2 - 4*a + 1. Let p be v(7). Suppose -7*o + 2*y = -2*o - 98, -o - 2*y + p = 0. Suppose f - o = -f. What are the prime factors of f?
2, 5
Let z = -133 + 244. What are the prime factors of z?
3, 37
Suppose -10*i + 365 = -5*i. What are the prime factors of i?
73
List the prime factors of (-1416)/(-5) - 3/(90/(-24)).
2, 71
Suppose t + 25 = -w + 91, 6 = 2*w. List the prime factors of t.
3, 7
Let w(m) = -36*m + 30. Let n(a) = 5*a - 6 + 4*a - 2*a. Let g(f) = 21*n(f) + 4*w(f). What are the prime factors of g(6)?
2, 3
Let h(g) = -g + 6. Let a be h(9). Let w be -4*(1 - (-4 - a)). Let c = 12 + w. What are the prime factors of c?
2
Suppose 2*i + r - 1 = 3*i, -4*i - 3*r + 10 = 0. Let k = 9 + i. What are the prime factors of k?
2, 5
Let k be 1/(-1*2/4). List the prime factors of (-68)/6*6/k.
2, 17
List the prime factors of (-432)/60*(-40)/6.
2, 3
Let j = 110 + -66. List the prime factors of j.
2, 11
Let a(w) = -w**3 - 2*w**2 + 6*w**2 + w - 5*w**2. List the prime factors of a(-3).
3, 5
Suppose 3 + 2 = -b. Let a = 9 + b. Suppose -c + 10 = a*c. List the prime factors of c.
2
Let a(w) = w**2 - 11*w + 15. Let c(p) = 2*p**3 - 2*p**2 + 2. Let d be c(2). What are the prime factors of a(d)?
5
Suppose 2*s + 732 = 6*s. Suppose 12 = 3*m, 2*x - s - 11 = -m. List the prime factors of x/4 + (-15)/20.
23
Suppose -15 = -3*q + 2*q. What are the prime factors of q?
3, 5
Suppose 4*q - 145 - 23 = 0. Suppose 0*o + 1 = o - 4*w, -3*o - w + q = 0. List the prime factors of (o/5)/(5/25).
13
Let q(v) = 1 - 6*v + 14*v**2 + 5*v + 2*v. List the prime factors of q(-1).
2, 7
Let f(h) = -5*h - 4. Let n be f(-5). Suppose 5*z + 9 = -16, -2*j + z + n = 0. What are the prime factors of j?
2
Let n(g) = -g**2 - 9*g - 10. Suppose 3*b + 24 = b. Let f = 5 + b. List the prime factors of n(f).
2
Suppose -3*g - 4 = -22. List the prime factors of (-685)/(-20) + g/8.
5, 7
Let f be 56/(-10)*(-10)/4. Suppose f + 19 = 3*u. List the prime factors of u.
11
Suppose 5 = b, -6 = -4*w + 5*b + 1. Suppose 0 = -5*y, 0 = 2*p - 0*y + 3*y + w. List the prime factors of -17*(-2)/p*-2.
17
Suppose 5*d - 25 = 3*x - x, -2*x + 25 = 5*d. Let r = 136 + -74. Suppose -d*b - 7 + r = 0. What are the prime factors of b?
11
Let n be (6 + -3)*(-1)/(-3). Suppose -b + 4*s + s = -95, -418 = -4*b + s. List the prime factors of b/9 - n/(-3).
2, 3
Let y(b) = 4*b - 8. List the prime factors of y(3).
2
Suppose 0*g + 2*g - 48 = 0. Suppose 0 = -q - 3*q + g. What are the prime factors of q?
2, 3
Suppose -i = -3*i. Let f = 4 - i. List the prime factors of f.
2
Suppose -8*i + 2*q - 28 = -4*i, 0 = 4*i - 4*q + 28. Let s(a) = a**3 + 8*a**2 + 5*a + 3. What are the prime factors of s(i)?
17
Let s be (3/(-2))/((-12)/40). Suppose 0 = -7*r + s*r + 50. List the prime factors of r.
5
Let j(t) = -3*t**2 + 23*t + 9. Let g(v) = -4*v**2 + 34*v + 14. Let p(a) = -5*g(a) + 7*j(a). What are the prime factors of p(-7)?
7
Let n(s) = s + 10. Let j be n(0). Suppose 2*q - 3 = -5*f + 2*f, 4*f + j = 2*q. Suppose -q*m + 6 = -9. List the prime factors of m.
5
Suppose 0 = -2*v + v + 20. Suppose 3*x + x - v = 0, 2*a - 91 = -x. List the prime factors of a.
43
Let a(m) be the second derivative of m**3/2 - 9*m**2/2 + m. List the prime factors of a(8).
3, 5
Let o = 5 - 9. Let j(f) = -1. Let p(y) = 3*y - 1. Let t(w) = 3*j(w) - p(w). What are the prime factors of t(o)?
2, 5
Suppose -4 = 2*z + 2*h + 6, -3*h - 15 = -5*z. Suppose 3*v - 7 = -z*v - 4*g, -15 = -v + 5*g. List the prime factors of 2/v - 172/(-20).
3
Suppose -3*l + c + 25 = 3*c, 4*l - 45 = -5*c. Let f(t) = 5*t. What are the prime factors of f(l)?
5
Let q(a) = a + 1. Let m be q(6). Suppose -2*n = -1 - m. List the prime factors of n.
2
Let z(t) = 4*t - 13 + 0*t - t**2 + 8*t. What are the prime factors of z(8)?
19
Suppose 2*g = -u + 128, -g + 6*g = u + 334. List the prime factors of g.
2, 3, 11
Let d(j) = j**2 - 2*j + 7. Let a be -2 + 1/2*26. Suppose l = -f - f + a, 0 = 2*l + f - 13. What are the prime factors of d(l)?
2, 11
Suppose 0 = -4*h - 5*u + 54, -3*h - 2*h = -2*u - 84. What are the prime factors of h?
2
Let u be -5*1*(-4 - -3). Suppose -u*z + 2*z = 99. List the prime factors of (z/12 + 2)*-8.
2, 3
Let o be (1 + 1)/((-3)/(-6)). Suppose 0 = -5*g + 16 + o. List the prime factors of g.
2
Let t(r) = -r**3 - 5*r**2 + 3*r - 11. Let m(b) = b**3 + 4*b**2 - 2*b + 11. Let y(d) = 4*m(d) +